{"id":994,"date":"2021-04-14T10:37:23","date_gmt":"2021-04-14T10:37:23","guid":{"rendered":"http:\/\/savedonderberg.laeken.brussels\/?page_id=994"},"modified":"2023-04-27T07:49:22","modified_gmt":"2023-04-27T07:49:22","slug":"commission-de-concertation-vicinaux-hop4","status":"publish","type":"page","link":"https:\/\/savedonderberg.laeken.brussels\/index.php\/commission-de-concertation-vicinaux-hop4\/","title":{"rendered":"Commission de concertation Donderberg : Vicinaux &#8211; HOP4 &#8211; 23 mars 2021"},"content":{"rendered":"\n<p>Contrairement \u00e0 ce  \u00e0 quoi l&#8217;on aurait pu s&#8217;attendre, les deux demandes \/ enqu\u00eates &#8211; suppression des vicinaux et construction de logements et d&#8217;une \u00e9cole &#8211; ont \u00e9t\u00e9 trait\u00e9es lors de la m\u00eame commission de concertation et par les m\u00eames fonctionnaires d\u00e9l\u00e9gu\u00e9s de l&#8217;administration.<\/p>\n\n\n\n<p>Le <strong>Comit\u00e9 (de quartier) Donderberg, <\/strong>l&#8217;ASBL<strong> Laeken.Brussels <\/strong>et le <strong>Collectif Save Donderberg<\/strong> avaient pr\u00e9par\u00e9 un certain nombre de <strong><a href=\"http:\/\/savedonderberg.laeken.brussels\/index.php\/presentations-hop4\/\">pr\u00e9sentations<\/a><\/strong>, second\u00e9s par l&#8217;ASBL Atelier Recherche et Action Urbaine (ARAU) sur le point Suppression des  vicinaux, et par l&#8217;ASBL Natagora pour les aspects environnementaux projet HOP4.<\/p>\n\n\n\n<p>L&#8217;ARAU a publi\u00e9, en amont de la CC, une <a href=\"http:\/\/savedonderberg.laeken.brussels\/wp-content\/uploads\/2021\/04\/AVIS-Donderberg-ARAU.pdf\" target=\"_blank\" rel=\"noreferrer noopener\"><strong>analyse tr\u00e8s compl\u00e8te<\/strong><\/a> de la question du Donderberg, de son int\u00e9gration dans le quartier et la <strong>n\u00e9cessit\u00e9 de le pr\u00e9server en l&#8217;\u00e9tat et de le rendre accessible<\/strong> \u00e0 un plus grand nombre. <\/p>\n\n\n\n<p>La tenue en ligne par visioconf\u00e9rence Zoom de cette commission de concertation, &#8211; la 4e en ce qui concerne la plupart des d\u00e9fenseurs du Donderberg &#8211; a eu pour cons\u00e9quence que la fr\u00e9quentation s&#8217;est limit\u00e9e \u00e0 ca. 100 personnes, et ce malgr\u00e9 la politique (anti) &#8220;fracture num\u00e9rique&#8221; de la Ville, consistant \u00e0 mettre \u00e0 disposition des ordinateurs au centre administratif situ\u00e9 bd Anspach. On a pu constater que globalement un large panel de la classe moyenne du quartier \u00e9tait repr\u00e9sent\u00e9e tandis que, par ailleurs, de nombreux fid\u00e8les des CC HOP, habitants du quartier, n&#8217;\u00e9taient pas pr\u00e9sents. Visiblement, la fracture num\u00e9rique ne se r\u00e9sout pas si simplement &#8230; <\/p>\n\n\n\n<p>La commission de concertation n&#8217;a pas tard\u00e9 \u00e0 rendre son avis : c&#8217;\u00e9tait chose faite le 7 avril soit \u00e0 peine plus de 2 semaines apr\u00e8s la rencontre virtuelle. <\/p>\n\n\n\n<p>Avis favorables n\u00e9anmoins assortis de conditions telles que cela semble annoncer un projet HOP5 &#8230; Quant aux vicinaux, il va falloir passer \u00e0 la phase 2 : le recours aupr\u00e8s du gouvernement r\u00e9gional.<\/p>\n\n\n\n<p>Avis de la CC sur la question de la suppression partielle des vicinaux <strong><a href=\"http:\/\/savedonderberg.laeken.brussels\/wp-content\/uploads\/2021\/04\/AVIS-CC_20210407_vicinaux.pdf\" target=\"_blank\" rel=\"noreferrer noopener\">ici<\/a><\/strong> <\/p>\n\n\n\n<p>Avis de la CC sur le projet HOP4 <strong><a href=\"http:\/\/savedonderberg.laeken.brussels\/wp-content\/uploads\/2021\/04\/AVIS_CC_HOP4_20210407.pdf\" target=\"_blank\" rel=\"noreferrer noopener\">ici<\/a><\/strong><\/p>\n","protected":false},"excerpt":{"rendered":"<p>Contrairement \u00e0 ce \u00e0 quoi l&#8217;on aurait pu s&#8217;attendre, les deux demandes \/ enqu\u00eates &#8211; suppression des vicinaux et construction de logements et d&#8217;une \u00e9cole &#8211; ont \u00e9t\u00e9 trait\u00e9es lors de la m\u00eame commission de concertation et par les m\u00eames fonctionnaires d\u00e9l\u00e9gu\u00e9s de l&#8217;administration. Le Comit\u00e9 (de quartier) Donderberg, l&#8217;ASBL Laeken.Brussels et le Collectif Save &hellip; <\/p>\n<p class=\"link-more\"><a href=\"https:\/\/savedonderberg.laeken.brussels\/index.php\/commission-de-concertation-vicinaux-hop4\/\" class=\"more-link\">Read more<span class=\"screen-reader-text\"> &#8220;Commission de concertation Donderberg : Vicinaux &#8211; HOP4 &#8211; 23 mars 2021&#8221;<\/span><\/a><\/p>\n","protected":false},"author":6,"featured_media":0,"parent":0,"menu_order":0,"comment_status":"closed","ping_status":"closed","template":"","meta":{"footnotes":""},"yoast_head":"<!-- This site is optimized with the Yoast SEO plugin v15.7 - https:\/\/yoast.com\/wordpress\/plugins\/seo\/ -->\n<title>Commission de concertation Donderberg : Vicinaux - HOP4 - 23 mars 2021 - Save Donderberg - Laeken<\/title>\n<meta name=\"robots\" content=\"index, follow, max-snippet:-1, max-image-preview:large, max-video-preview:-1\" \/>\n<link rel=\"canonical\" href=\"https:\/\/savedonderberg.laeken.brussels\/index.php\/commission-de-concertation-vicinaux-hop4\/\" \/>\n<meta property=\"og:locale\" content=\"en_GB\" \/>\n<meta property=\"og:type\" content=\"article\" \/>\n<meta property=\"og:title\" content=\"Commission de concertation Donderberg : Vicinaux - HOP4 - 23 mars 2021 - Save Donderberg - Laeken\" \/>\n<meta property=\"og:description\" content=\"Contrairement \u00e0 ce \u00e0 quoi l&#8217;on aurait pu s&#8217;attendre, les deux demandes \/ enqu\u00eates &#8211; suppression des vicinaux et construction de logements et d&#8217;une \u00e9cole &#8211; ont \u00e9t\u00e9 trait\u00e9es lors de la m\u00eame commission de concertation et par les m\u00eames fonctionnaires d\u00e9l\u00e9gu\u00e9s de l&#8217;administration. Le Comit\u00e9 (de quartier) Donderberg, l&#8217;ASBL Laeken.Brussels et le Collectif Save &hellip; Read more &quot;Commission de concertation Donderberg : Vicinaux &#8211; HOP4 &#8211; 23 mars 2021&quot;\" \/>\n<meta property=\"og:url\" content=\"https:\/\/savedonderberg.laeken.brussels\/index.php\/commission-de-concertation-vicinaux-hop4\/\" \/>\n<meta property=\"og:site_name\" content=\"Save Donderberg - Laeken\" \/>\n<meta property=\"article:modified_time\" content=\"2023-04-27T07:49:22+00:00\" \/>\n<meta name=\"twitter:card\" content=\"summary_large_image\" \/>\n<meta name=\"twitter:label1\" content=\"Estimated reading time\">\n\t<meta name=\"twitter:data1\" content=\"2 minutes\">\n<script type=\"application\/ld+json\" class=\"yoast-schema-graph\">{\"@context\":\"https:\/\/schema.org\",\"@graph\":[{\"@type\":\"WebSite\",\"@id\":\"https:\/\/savedonderberg.laeken.brussels\/#website\",\"url\":\"https:\/\/savedonderberg.laeken.brussels\/\",\"name\":\"Save Donderberg - Laeken\",\"description\":\"Sauvons l&#039;espace vert du Donderberg \\u00e0 Laeken\",\"potentialAction\":[{\"@type\":\"SearchAction\",\"target\":\"https:\/\/savedonderberg.laeken.brussels\/?s={search_term_string}\",\"query-input\":\"required name=search_term_string\"}],\"inLanguage\":\"en-GB\"},{\"@type\":\"WebPage\",\"@id\":\"https:\/\/savedonderberg.laeken.brussels\/index.php\/commission-de-concertation-vicinaux-hop4\/#webpage\",\"url\":\"https:\/\/savedonderberg.laeken.brussels\/index.php\/commission-de-concertation-vicinaux-hop4\/\",\"name\":\"Commission de concertation Donderberg : Vicinaux - HOP4 - 23 mars 2021 - Save Donderberg - Laeken\",\"isPartOf\":{\"@id\":\"https:\/\/savedonderberg.laeken.brussels\/#website\"},\"datePublished\":\"2021-04-14T10:37:23+00:00\",\"dateModified\":\"2023-04-27T07:49:22+00:00\",\"inLanguage\":\"en-GB\",\"potentialAction\":[{\"@type\":\"ReadAction\",\"target\":[\"https:\/\/savedonderberg.laeken.brussels\/index.php\/commission-de-concertation-vicinaux-hop4\/\"]}]}]}<\/script>\n<!-- \/ Yoast SEO plugin. -->","_links":{"self":[{"href":"https:\/\/savedonderberg.laeken.brussels\/index.php\/wp-json\/wp\/v2\/pages\/994"}],"collection":[{"href":"https:\/\/savedonderberg.laeken.brussels\/index.php\/wp-json\/wp\/v2\/pages"}],"about":[{"href":"https:\/\/savedonderberg.laeken.brussels\/index.php\/wp-json\/wp\/v2\/types\/page"}],"author":[{"embeddable":true,"href":"https:\/\/savedonderberg.laeken.brussels\/index.php\/wp-json\/wp\/v2\/users\/6"}],"replies":[{"embeddable":true,"href":"https:\/\/savedonderberg.laeken.brussels\/index.php\/wp-json\/wp\/v2\/comments?post=994"}],"version-history":[{"count":10,"href":"https:\/\/savedonderberg.laeken.brussels\/index.php\/wp-json\/wp\/v2\/pages\/994\/revisions"}],"predecessor-version":[{"id":1375,"href":"https:\/\/savedonderberg.laeken.brussels\/index.php\/wp-json\/wp\/v2\/pages\/994\/revisions\/1375"}],"wp:attachment":[{"href":"https:\/\/savedonderberg.laeken.brussels\/index.php\/wp-json\/wp\/v2\/media?parent=994"}],"curies":[{"name":"wp","href":"https:\/\/api.w.org\/{rel}","templated":true}]}}