{"id":507,"date":"2021-02-06T19:08:19","date_gmt":"2021-02-06T19:08:19","guid":{"rendered":"http:\/\/savedonderberg.laeken.brussels\/?page_id=507"},"modified":"2021-03-12T19:46:11","modified_gmt":"2021-03-12T19:46:11","slug":"donderberg","status":"publish","type":"page","link":"https:\/\/savedonderberg.laeken.brussels\/index.php\/donderberg\/","title":{"rendered":"Donderberg"},"content":{"rendered":"\n<p>Le mont Donderberg \u00e0 Laeken est un site magnifique de 2,6 hectares qui n\u2019a jamais vu une construction de son existence. Il est situ\u00e9 \u00e0 300 m du metro Bockstael \u00e0 Laeken.<\/p>\n\n\n\n<figure class=\"wp-block-image size-large is-resized\"><img fetchpriority=\"high\" decoding=\"async\" src=\"http:\/\/savedonderberg.laeken.brussels\/wp-content\/uploads\/2021\/02\/situation_laeken_donderberg.jpeg\" alt=\"\" class=\"wp-image-715\" width=\"674\" height=\"402\" srcset=\"https:\/\/savedonderberg.laeken.brussels\/wp-content\/uploads\/2021\/02\/situation_laeken_donderberg.jpeg 894w, https:\/\/savedonderberg.laeken.brussels\/wp-content\/uploads\/2021\/02\/situation_laeken_donderberg-300x179.jpeg 300w, https:\/\/savedonderberg.laeken.brussels\/wp-content\/uploads\/2021\/02\/situation_laeken_donderberg-768x459.jpeg 768w\" sizes=\"(max-width: 674px) 100vw, 674px\" \/><\/figure>\n\n\n\n<p><\/p>\n\n\n\n<p><a href=\"http:\/\/savedonderberg.laeken.brussels\/index.php\/histoire\/\">Un peu d&#8217;histoire<\/a><\/p>\n\n\n\n<p><a href=\"http:\/\/savedonderberg.laeken.brussels\/index.php\/hop4\/\">Le projet : HOP4<\/a><\/p>\n\n\n\n<p><a href=\"http:\/\/savedonderberg.laeken.brussels\/index.php\/la-flore-faune\/\">La faune et la flore<\/a><\/p>\n","protected":false},"excerpt":{"rendered":"<p>Le mont Donderberg \u00e0 Laeken est un site magnifique de 2,6 hectares qui n\u2019a jamais vu une construction de son existence. Il est situ\u00e9 \u00e0 300 m du metro Bockstael \u00e0 Laeken. Un peu d&#8217;histoire Le projet : HOP4 La faune et la flore<\/p>\n","protected":false},"author":6,"featured_media":284,"parent":0,"menu_order":0,"comment_status":"closed","ping_status":"closed","template":"","meta":{"footnotes":""},"yoast_head":"<!-- This site is optimized with the Yoast SEO plugin v15.7 - https:\/\/yoast.com\/wordpress\/plugins\/seo\/ -->\n<title>Donderberg - Save Donderberg - Laeken<\/title>\n<meta name=\"robots\" content=\"index, follow, max-snippet:-1, max-image-preview:large, max-video-preview:-1\" \/>\n<link rel=\"canonical\" href=\"https:\/\/savedonderberg.laeken.brussels\/index.php\/donderberg\/\" \/>\n<meta property=\"og:locale\" content=\"en_GB\" \/>\n<meta property=\"og:type\" content=\"article\" \/>\n<meta property=\"og:title\" content=\"Donderberg - Save Donderberg - Laeken\" \/>\n<meta property=\"og:description\" content=\"Le mont Donderberg \u00e0 Laeken est un site magnifique de 2,6 hectares qui n\u2019a jamais vu une construction de son existence. Il est situ\u00e9 \u00e0 300 m du metro Bockstael \u00e0 Laeken. Un peu d&#8217;histoire Le projet : HOP4 La faune et la flore\" \/>\n<meta property=\"og:url\" content=\"https:\/\/savedonderberg.laeken.brussels\/index.php\/donderberg\/\" \/>\n<meta property=\"og:site_name\" content=\"Save Donderberg - Laeken\" \/>\n<meta property=\"article:modified_time\" content=\"2021-03-12T19:46:11+00:00\" \/>\n<meta property=\"og:image\" content=\"https:\/\/savedonderberg.laeken.brussels\/wp-content\/uploads\/2020\/05\/P1220625-1-scaled.jpg\" \/>\n\t<meta property=\"og:image:width\" content=\"2560\" \/>\n\t<meta property=\"og:image:height\" content=\"719\" \/>\n<meta name=\"twitter:card\" content=\"summary_large_image\" \/>\n<meta name=\"twitter:label1\" content=\"Estimated reading time\">\n\t<meta name=\"twitter:data1\" content=\"1 minute\">\n<script type=\"application\/ld+json\" class=\"yoast-schema-graph\">{\"@context\":\"https:\/\/schema.org\",\"@graph\":[{\"@type\":\"WebSite\",\"@id\":\"https:\/\/savedonderberg.laeken.brussels\/#website\",\"url\":\"https:\/\/savedonderberg.laeken.brussels\/\",\"name\":\"Save Donderberg - Laeken\",\"description\":\"Sauvons l&#039;espace vert du Donderberg \\u00e0 Laeken\",\"potentialAction\":[{\"@type\":\"SearchAction\",\"target\":\"https:\/\/savedonderberg.laeken.brussels\/?s={search_term_string}\",\"query-input\":\"required name=search_term_string\"}],\"inLanguage\":\"en-GB\"},{\"@type\":\"ImageObject\",\"@id\":\"https:\/\/savedonderberg.laeken.brussels\/index.php\/donderberg\/#primaryimage\",\"inLanguage\":\"en-GB\",\"url\":\"https:\/\/savedonderberg.laeken.brussels\/wp-content\/uploads\/2020\/05\/P1220625-1-scaled.jpg\",\"width\":2560,\"height\":719},{\"@type\":\"WebPage\",\"@id\":\"https:\/\/savedonderberg.laeken.brussels\/index.php\/donderberg\/#webpage\",\"url\":\"https:\/\/savedonderberg.laeken.brussels\/index.php\/donderberg\/\",\"name\":\"Donderberg - Save Donderberg - Laeken\",\"isPartOf\":{\"@id\":\"https:\/\/savedonderberg.laeken.brussels\/#website\"},\"primaryImageOfPage\":{\"@id\":\"https:\/\/savedonderberg.laeken.brussels\/index.php\/donderberg\/#primaryimage\"},\"datePublished\":\"2021-02-06T19:08:19+00:00\",\"dateModified\":\"2021-03-12T19:46:11+00:00\",\"inLanguage\":\"en-GB\",\"potentialAction\":[{\"@type\":\"ReadAction\",\"target\":[\"https:\/\/savedonderberg.laeken.brussels\/index.php\/donderberg\/\"]}]}]}<\/script>\n<!-- \/ Yoast SEO plugin. -->","_links":{"self":[{"href":"https:\/\/savedonderberg.laeken.brussels\/index.php\/wp-json\/wp\/v2\/pages\/507"}],"collection":[{"href":"https:\/\/savedonderberg.laeken.brussels\/index.php\/wp-json\/wp\/v2\/pages"}],"about":[{"href":"https:\/\/savedonderberg.laeken.brussels\/index.php\/wp-json\/wp\/v2\/types\/page"}],"author":[{"embeddable":true,"href":"https:\/\/savedonderberg.laeken.brussels\/index.php\/wp-json\/wp\/v2\/users\/6"}],"replies":[{"embeddable":true,"href":"https:\/\/savedonderberg.laeken.brussels\/index.php\/wp-json\/wp\/v2\/comments?post=507"}],"version-history":[{"count":8,"href":"https:\/\/savedonderberg.laeken.brussels\/index.php\/wp-json\/wp\/v2\/pages\/507\/revisions"}],"predecessor-version":[{"id":795,"href":"https:\/\/savedonderberg.laeken.brussels\/index.php\/wp-json\/wp\/v2\/pages\/507\/revisions\/795"}],"wp:featuredmedia":[{"embeddable":true,"href":"https:\/\/savedonderberg.laeken.brussels\/index.php\/wp-json\/wp\/v2\/media\/284"}],"wp:attachment":[{"href":"https:\/\/savedonderberg.laeken.brussels\/index.php\/wp-json\/wp\/v2\/media?parent=507"}],"curies":[{"name":"wp","href":"https:\/\/api.w.org\/{rel}","templated":true}]}}