{"id":217,"date":"2020-01-23T23:28:34","date_gmt":"2020-01-23T23:28:34","guid":{"rendered":"http:\/\/savedonderberg.laeken.brussels\/?page_id=217"},"modified":"2021-02-25T21:57:24","modified_gmt":"2021-02-25T21:57:24","slug":"petition","status":"publish","type":"page","link":"https:\/\/savedonderberg.laeken.brussels\/index.php\/petition\/","title":{"rendered":"Nos Demandes"},"content":{"rendered":"\n<h2 class=\"wp-block-heading\">P\u00e9tition pour modification du PRAS <\/h2>\n\n\n\n<p> <a href=\"http:\/\/www.laeken.brussels\">Laeken.Brussels asbl<\/a> et les habitants ont lanc\u00e9 une p\u00e9tition pour assurer la sauvegarde du Donderberg comme zone naturelle, de surcro\u00eet d&#8217;int\u00e9r\u00eat patrimonial ; pour ce faire un changement d&#8217;affectation du sol au plan r\u00e9gional &#8211; ou PRAS &#8211; est n\u00e9cessaire.<\/p>\n\n\n\n<p>Signez et partagez notre p\u00e9tition :<a href=\"https:\/\/www.change.org\/p\/la-ville-de-bruxelles-save-donderberg-sauvons-l-espace-vert-du-donderberg\" target=\"_blank\" rel=\"noreferrer noopener\"> https:\/\/www.change.org\/p\/la-ville-de-bruxelles-save-donderberg-sauvons-l-espace-vert-du-donderberg<\/a><\/p>\n\n\n\n<h2 class=\"wp-block-heading\">Projets alternatifs <\/h2>\n\n\n\n<p>Depuis des ann\u00e9es, le quartier n&#8217;est pas en manque d&#8217;initiatives concernant le devenir du Donderberg. Ses propositions aux divers appels \u00e0 projet de la Ville de ces derni\u00e8res ann\u00e9es ont cependant syst\u00e9matiquement \u00e9t\u00e9 \u00e9cart\u00e9es.<\/p>\n\n\n\n<p>Potager royal (2012)<\/p>\n\n\n\n<p>Les Jardins d&#8217;\u00c9mile (2018)<\/p>\n\n\n\n<p>Projet HOPE (2019)<\/p>\n\n\n\n<p><a href=\"http:\/\/savedonderberg.laeken.brussels\/index.php\/projet-alternatif\/\">Parcours \/Promenade Voies lentes <\/a><\/p>\n\n\n\n<h2 class=\"wp-block-heading\">Demandes \u00e9t\u00e9 2020<\/h2>\n\n\n\n<p><a href=\"http:\/\/savedonderberg.laeken.brussels\/index.php\/demandes-pour-lete-2020\/\">Ouverture aux promeneurs de l&#8217;all\u00e9e plant\u00e9e du Donderberg  pour la dur\u00e9e de l&#8217;\u00e9t\u00e9 <\/a>et acc\u00e8s aux chemins vicinaux : nous n&#8217;avons pas re\u00e7u de r\u00e9ponse des \u00e9chevins.<\/p>\n\n\n\n<p><a href=\"http:\/\/savedonderberg.laeken.brussels\/index.php\/communique-de-presse-juillet-2020\/\">F\u00eate du <em>Donderberg d\u00e9confin\u00e9<\/em> <\/a>et cueillette des m\u00fbres : un seul des quatre cabinets \u00e9chevinaux contact\u00e9s a r\u00e9agi \u00e0 notre demande, mais hors d\u00e9lai, nous emp\u00eachant d&#8217;organiser cette f\u00eate de quartier.<\/p>\n","protected":false},"excerpt":{"rendered":"<p>P\u00e9tition pour modification du PRAS Laeken.Brussels asbl et les habitants ont lanc\u00e9 une p\u00e9tition pour assurer la sauvegarde du Donderberg comme zone naturelle, de surcro\u00eet d&#8217;int\u00e9r\u00eat patrimonial ; pour ce faire un changement d&#8217;affectation du sol au plan r\u00e9gional &#8211; ou PRAS &#8211; est n\u00e9cessaire. Signez et partagez notre p\u00e9tition : https:\/\/www.change.org\/p\/la-ville-de-bruxelles-save-donderberg-sauvons-l-espace-vert-du-donderberg Projets alternatifs Depuis &hellip; <\/p>\n<p class=\"link-more\"><a href=\"https:\/\/savedonderberg.laeken.brussels\/index.php\/petition\/\" class=\"more-link\">Read more<span class=\"screen-reader-text\"> &#8220;Nos Demandes&#8221;<\/span><\/a><\/p>\n","protected":false},"author":1,"featured_media":0,"parent":0,"menu_order":0,"comment_status":"closed","ping_status":"closed","template":"","meta":{"footnotes":""},"yoast_head":"<!-- This site is optimized with the Yoast SEO plugin v15.7 - https:\/\/yoast.com\/wordpress\/plugins\/seo\/ -->\n<title>Nos Demandes - Save Donderberg - Laeken<\/title>\n<meta name=\"robots\" content=\"index, follow, max-snippet:-1, max-image-preview:large, max-video-preview:-1\" \/>\n<link rel=\"canonical\" href=\"https:\/\/savedonderberg.laeken.brussels\/index.php\/petition\/\" \/>\n<meta property=\"og:locale\" content=\"en_GB\" \/>\n<meta property=\"og:type\" content=\"article\" \/>\n<meta property=\"og:title\" content=\"Nos Demandes - Save Donderberg - Laeken\" \/>\n<meta property=\"og:description\" content=\"P\u00e9tition pour modification du PRAS Laeken.Brussels asbl et les habitants ont lanc\u00e9 une p\u00e9tition pour assurer la sauvegarde du Donderberg comme zone naturelle, de surcro\u00eet d&#8217;int\u00e9r\u00eat patrimonial ; pour ce faire un changement d&#8217;affectation du sol au plan r\u00e9gional &#8211; ou PRAS &#8211; est n\u00e9cessaire. Signez et partagez notre p\u00e9tition : https:\/\/www.change.org\/p\/la-ville-de-bruxelles-save-donderberg-sauvons-l-espace-vert-du-donderberg Projets alternatifs Depuis &hellip; Read more &quot;Nos Demandes&quot;\" \/>\n<meta property=\"og:url\" content=\"https:\/\/savedonderberg.laeken.brussels\/index.php\/petition\/\" \/>\n<meta property=\"og:site_name\" content=\"Save Donderberg - Laeken\" \/>\n<meta property=\"article:modified_time\" content=\"2021-02-25T21:57:24+00:00\" \/>\n<meta name=\"twitter:card\" content=\"summary_large_image\" \/>\n<meta name=\"twitter:label1\" content=\"Estimated reading time\">\n\t<meta name=\"twitter:data1\" content=\"1 minute\">\n<script type=\"application\/ld+json\" class=\"yoast-schema-graph\">{\"@context\":\"https:\/\/schema.org\",\"@graph\":[{\"@type\":\"WebSite\",\"@id\":\"https:\/\/savedonderberg.laeken.brussels\/#website\",\"url\":\"https:\/\/savedonderberg.laeken.brussels\/\",\"name\":\"Save Donderberg - Laeken\",\"description\":\"Sauvons l&#039;espace vert du Donderberg \\u00e0 Laeken\",\"potentialAction\":[{\"@type\":\"SearchAction\",\"target\":\"https:\/\/savedonderberg.laeken.brussels\/?s={search_term_string}\",\"query-input\":\"required name=search_term_string\"}],\"inLanguage\":\"en-GB\"},{\"@type\":\"WebPage\",\"@id\":\"https:\/\/savedonderberg.laeken.brussels\/index.php\/petition\/#webpage\",\"url\":\"https:\/\/savedonderberg.laeken.brussels\/index.php\/petition\/\",\"name\":\"Nos Demandes - Save Donderberg - Laeken\",\"isPartOf\":{\"@id\":\"https:\/\/savedonderberg.laeken.brussels\/#website\"},\"datePublished\":\"2020-01-23T23:28:34+00:00\",\"dateModified\":\"2021-02-25T21:57:24+00:00\",\"inLanguage\":\"en-GB\",\"potentialAction\":[{\"@type\":\"ReadAction\",\"target\":[\"https:\/\/savedonderberg.laeken.brussels\/index.php\/petition\/\"]}]}]}<\/script>\n<!-- \/ Yoast SEO plugin. -->","_links":{"self":[{"href":"https:\/\/savedonderberg.laeken.brussels\/index.php\/wp-json\/wp\/v2\/pages\/217"}],"collection":[{"href":"https:\/\/savedonderberg.laeken.brussels\/index.php\/wp-json\/wp\/v2\/pages"}],"about":[{"href":"https:\/\/savedonderberg.laeken.brussels\/index.php\/wp-json\/wp\/v2\/types\/page"}],"author":[{"embeddable":true,"href":"https:\/\/savedonderberg.laeken.brussels\/index.php\/wp-json\/wp\/v2\/users\/1"}],"replies":[{"embeddable":true,"href":"https:\/\/savedonderberg.laeken.brussels\/index.php\/wp-json\/wp\/v2\/comments?post=217"}],"version-history":[{"count":14,"href":"https:\/\/savedonderberg.laeken.brussels\/index.php\/wp-json\/wp\/v2\/pages\/217\/revisions"}],"predecessor-version":[{"id":738,"href":"https:\/\/savedonderberg.laeken.brussels\/index.php\/wp-json\/wp\/v2\/pages\/217\/revisions\/738"}],"wp:attachment":[{"href":"https:\/\/savedonderberg.laeken.brussels\/index.php\/wp-json\/wp\/v2\/media?parent=217"}],"curies":[{"name":"wp","href":"https:\/\/api.w.org\/{rel}","templated":true}]}}

<h2 class="wp-block-heading">Pétition pour modification du PRAS </h2>



<p> <a href="http://www.laeken.brussels">Laeken.Brussels asbl</a> et les habitants ont lancé une pétition pour assurer la sauvegarde du Donderberg comme zone naturelle, de surcroît d&#8217;intérêt patrimonial ; pour ce faire un changement d&#8217;affectation du sol au plan régional &#8211; ou PRAS &#8211; est nécessaire.</p>



<p>Signez et partagez notre pétition :<a href="https://www.change.org/p/la-ville-de-bruxelles-save-donderberg-sauvons-l-espace-vert-du-donderberg" target="_blank" rel="noreferrer noopener"> https://www.change.org/p/la-ville-de-bruxelles-save-donderberg-sauvons-l-espace-vert-du-donderberg</a></p>



<h2 class="wp-block-heading">Projets alternatifs </h2>



<p>Depuis des années, le quartier n&#8217;est pas en manque d&#8217;initiatives concernant le devenir du Donderberg. Ses propositions aux divers appels à projet de la Ville de ces dernières années ont cependant systématiquement été écartées.</p>



<p>Potager royal (2012)</p>



<p>Les Jardins d&#8217;Émile (2018)</p>



<p>Projet HOPE (2019)</p>



<p><a href="http://savedonderberg.laeken.brussels/index.php/projet-alternatif/">Parcours /Promenade Voies lentes </a></p>



<h2 class="wp-block-heading">Demandes été 2020</h2>



<p><a href="http://savedonderberg.laeken.brussels/index.php/demandes-pour-lete-2020/">Ouverture aux promeneurs de l&#8217;allée plantée du Donderberg  pour la durée de l&#8217;été </a>et accès aux chemins vicinaux : nous n&#8217;avons pas reçu de réponse des échevins.</p>



<p><a href="http://savedonderberg.laeken.brussels/index.php/communique-de-presse-juillet-2020/">Fête du <em>Donderberg déconfiné</em> </a>et cueillette des mûres : un seul des quatre cabinets échevinaux contactés a réagi à notre demande, mais hors délai, nous empêchant d&#8217;organiser cette fête de quartier.</p>

<p>Pétition pour modification du PRAS Laeken.Brussels asbl et les habitants ont lancé une pétition pour assurer la sauvegarde du Donderberg comme zone naturelle, de surcroît d&#8217;intérêt patrimonial ; pour ce faire un changement d&#8217;affectation du sol au plan régional &#8211; ou PRAS &#8211; est nécessaire. Signez et partagez notre pétition : https://www.change.org/p/la-ville-de-bruxelles-save-donderberg-sauvons-l-espace-vert-du-donderberg Projets alternatifs Depuis &hellip; </p>
<p class="link-more"><a href="https://savedonderberg.laeken.brussels/index.php/petition/" class="more-link">Read more<span class="screen-reader-text"> &#8220;Nos Demandes&#8221;</span></a></p>

<!-- This site is optimized with the Yoast SEO plugin v15.7 - https://yoast.com/wordpress/plugins/seo/ -->
<title>Nos Demandes - Save Donderberg - Laeken</title>
<meta name="robots" content="index, follow, max-snippet:-1, max-image-preview:large, max-video-preview:-1" />
<link rel="canonical" href="https://savedonderberg.laeken.brussels/index.php/petition/" />
<meta property="og:locale" content="en_GB" />
<meta property="og:type" content="article" />
<meta property="og:title" content="Nos Demandes - Save Donderberg - Laeken" />
<meta property="og:description" content="Pétition pour modification du PRAS Laeken.Brussels asbl et les habitants ont lancé une pétition pour assurer la sauvegarde du Donderberg comme zone naturelle, de surcroît d&#8217;intérêt patrimonial ; pour ce faire un changement d&#8217;affectation du sol au plan régional &#8211; ou PRAS &#8211; est nécessaire. Signez et partagez notre pétition : https://www.change.org/p/la-ville-de-bruxelles-save-donderberg-sauvons-l-espace-vert-du-donderberg Projets alternatifs Depuis &hellip; Read more &quot;Nos Demandes&quot;" />
<meta property="og:url" content="https://savedonderberg.laeken.brussels/index.php/petition/" />
<meta property="og:site_name" content="Save Donderberg - Laeken" />
<meta property="article:modified_time" content="2021-02-25T21:57:24+00:00" />
<meta name="twitter:card" content="summary_large_image" />
<meta name="twitter:label1" content="Estimated reading time">
	<meta name="twitter:data1" content="1 minute">
<script type="application/ld+json" class="yoast-schema-graph">{"@context":"https://schema.org","@graph":[{"@type":"WebSite","@id":"https://savedonderberg.laeken.brussels/#website","url":"https://savedonderberg.laeken.brussels/","name":"Save Donderberg - Laeken","description":"Sauvons l&#039;espace vert du Donderberg \u00e0 Laeken","potentialAction":[{"@type":"SearchAction","target":"https://savedonderberg.laeken.brussels/?s={search_term_string}","query-input":"required name=search_term_string"}],"inLanguage":"en-GB"},{"@type":"WebPage","@id":"https://savedonderberg.laeken.brussels/index.php/petition/#webpage","url":"https://savedonderberg.laeken.brussels/index.php/petition/","name":"Nos Demandes - Save Donderberg - Laeken","isPartOf":{"@id":"https://savedonderberg.laeken.brussels/#website"},"datePublished":"2020-01-23T23:28:34+00:00","dateModified":"2021-02-25T21:57:24+00:00","inLanguage":"en-GB","potentialAction":[{"@type":"ReadAction","target":["https://savedonderberg.laeken.brussels/index.php/petition/"]}]}]}</script>
<!-- / Yoast SEO plugin. -->
